{"id":5363,"date":"2015-09-01T07:21:46","date_gmt":"2015-09-01T06:21:46","guid":{"rendered":"http:\/\/www.igld.de\/?page_id=5363"},"modified":"2018-03-20T15:11:19","modified_gmt":"2018-03-20T14:11:19","slug":"symposium","status":"publish","type":"page","link":"https:\/\/www.igld.de\/?page_id=5363","title":{"rendered":"Symposium"},"content":{"rendered":"<h4>\u00a0Programm und Hinweise<\/h4>\n<h2><strong>\u00a0<\/strong><\/h2>\n<h2><a href=\"https:\/\/www.igld.de\/?page_id=5366\" target=\"_blank\" rel=\"noopener\">Link zu Workshops<\/a><\/h2>\n<h2><strong><u><a href=\"https:\/\/www.igld.de\/?page_id=2982\" target=\"_blank\" rel=\"noopener\">Link zur Anmeldung IGLD2016<\/a><\/u><\/strong><\/h2>\n<p style=\"text-align: justify;\">Der IGLD e.V. organisiert seit \u00fcber 20 Jahren ehrenamtlich Symposien f\u00fcr ein interdisziplin\u00e4res Publikum. <strong>Die Teilnahme am Symposium ist auch 2016 kostenfrei<\/strong>. Bitte melden Sie sich f\u00fcr das Symposium mit dem Anmeldebogen an, um uns einen besseren \u00dcberblick zu verschaffen.<\/p>\n<p style=\"text-align: justify;\">\u00a0<img loading=\"lazy\" decoding=\"async\" class=\"aligncenter wp-image-5722\" src=\"https:\/\/www.igld.de\/wp-content\/uploads\/2015\/09\/Flyer-IGLD-INSTAND_2016_V16-a-1024x724.jpg\" alt=\"Flyer IGLD-INSTAND_2016_V16-a\" width=\"972\" height=\"687\" srcset=\"https:\/\/www.igld.de\/wp-content\/uploads\/2015\/09\/Flyer-IGLD-INSTAND_2016_V16-a-1024x724.jpg 1024w, https:\/\/www.igld.de\/wp-content\/uploads\/2015\/09\/Flyer-IGLD-INSTAND_2016_V16-a-300x212.jpg 300w, https:\/\/www.igld.de\/wp-content\/uploads\/2015\/09\/Flyer-IGLD-INSTAND_2016_V16-a-768x543.jpg 768w\" sizes=\"auto, (max-width: 972px) 100vw, 972px\" \/><\/p>\n","protected":false},"excerpt":{"rendered":"<p> [&hellip;]<\/p>\n","protected":false},"author":2,"featured_media":0,"parent":4953,"menu_order":2,"comment_status":"closed","ping_status":"closed","template":"","meta":{"footnotes":""},"class_list":["post-5363","page","type-page","status-publish","hentry"],"_links":{"self":[{"href":"https:\/\/www.igld.de\/index.php?rest_route=\/wp\/v2\/pages\/5363","targetHints":{"allow":["GET"]}}],"collection":[{"href":"https:\/\/www.igld.de\/index.php?rest_route=\/wp\/v2\/pages"}],"about":[{"href":"https:\/\/www.igld.de\/index.php?rest_route=\/wp\/v2\/types\/page"}],"author":[{"embeddable":true,"href":"https:\/\/www.igld.de\/index.php?rest_route=\/wp\/v2\/users\/2"}],"replies":[{"embeddable":true,"href":"https:\/\/www.igld.de\/index.php?rest_route=%2Fwp%2Fv2%2Fcomments&post=5363"}],"version-history":[{"count":43,"href":"https:\/\/www.igld.de\/index.php?rest_route=\/wp\/v2\/pages\/5363\/revisions"}],"predecessor-version":[{"id":7049,"href":"https:\/\/www.igld.de\/index.php?rest_route=\/wp\/v2\/pages\/5363\/revisions\/7049"}],"up":[{"embeddable":true,"href":"https:\/\/www.igld.de\/index.php?rest_route=\/wp\/v2\/pages\/4953"}],"wp:attachment":[{"href":"https:\/\/www.igld.de\/index.php?rest_route=%2Fwp%2Fv2%2Fmedia&parent=5363"}],"curies":[{"name":"wp","href":"https:\/\/api.w.org\/{rel}","templated":true}]}}