{"id":4953,"date":"2015-03-23T08:49:38","date_gmt":"2015-03-23T07:49:38","guid":{"rendered":"http:\/\/www.igld.de\/?page_id=4953"},"modified":"2016-04-12T09:59:59","modified_gmt":"2016-04-12T08:59:59","slug":"hamburg-2016","status":"publish","type":"page","link":"https:\/\/www.igld.de\/?page_id=4953","title":{"rendered":"IGLD 2016"},"content":{"rendered":"<h4>Begr\u00fc\u00dfung<\/h4>\n<h2 style=\"text-align: justify;\"><span style=\"color: #ff0000;\"><strong>HAPPY BIRTHDAY IGLD !<\/strong><\/span><\/h2>\n<p style=\"text-align: justify;\"><strong>Seit 20 Jahren<\/strong> sind wir jetzt am Start. Ein in Teilen unkonventionelles Vorgehen, eine gesunde Mischung aus Spa\u00df an der Arbeit und arbeitsamem Spa\u00df. Getreu dem Motto \u201e<strong>fun an function<\/strong>\u201c m\u00f6chten wir Sie vom <strong>25. bis 27. Februar 2016 nach Hamburg<\/strong> einladen.<\/p>\n<p style=\"text-align: justify;\">\u201eWir\u201c hei\u00dft 2016 eine Einladung durch verschiedene Organisationen. Die <strong>IGLD<\/strong> orientiert sich dabei an Themen wie H\u00e4matologie, H\u00e4mostaseologie, Autoimmunit\u00e4t, Zelltherapie, Exosomen in der klassischen Trias von <strong>Klinik, Diagnostik und Therapie<\/strong>.<\/p>\n<p style=\"text-align: justify;\">Parallel hierzu findet die Jahrestagung des <strong>INSTAND<\/strong> e.V. statt. Schwerpunkt hierbei werden die Ringversuche in ihrer gesamten Bandbreite sein. Dabei wird aber nicht nur der Inhalt der externen Qualit\u00e4tssicherung, sondern auch ein passender inhaltlicher Rahmen gestaltet.<\/p>\n<p style=\"text-align: justify;\">Unter der Schirmherrschaft der <strong>DGTI<\/strong> Sektion \u201e<strong>Immunh\u00e4matologie und Immungenetik<\/strong>\u201c wird zum wiederholten Male ein Satellitensymposium stattfinden. Rund um dieses spannende Gebiet der Diagnostik wird ein umfassender Inhalt hierzu vermittelt.<\/p>\n<p style=\"text-align: justify;\">Ein weiteres Satellitensymposium findet unter der Schirmherrschaft des \u201e<strong>German Stem Cell Network<\/strong>\u201c statt. Hier findet Wissensvertiefung von \u201especial knowledge\u201c statt.<\/p>\n<p style=\"text-align: justify;\"><em>Hands on<\/em> hei\u00dft es am <strong>Samstag<\/strong>. Umfassende <strong>Workshops<\/strong> sollen Ihnen Wissen vermitteln das Sie im Labor ben\u00f6tigen und dort anwenden sollen.<\/p>\n<p style=\"text-align: justify;\">Last but not least: wir lassen es \u201ekrachen\u201c. 20 Jahre wollen gefeiert werden. Daf\u00fcr haben wir nat\u00fcrlich schon einen passenden Rahmen gefunden. <span style=\"color: #ff0000;\"><strong>Diese Party \u2013 am Freitagabend- wird wieder einmal legend\u00e4r.<\/strong><\/span><\/p>\n<p>Wir freuen uns Sie in Hamburg \u201eunserer Perle\u201c begr\u00fc\u00dfen zu d\u00fcrfen.<\/p>\n<p>&nbsp;<\/p>\n<p>Die Organisatoren<\/p>\n<p>IGLD e.V. &amp; INSTAND e.V. &amp; DGTI Sektion Immunh\u00e4matologie und Immungenetik &amp; GSCN<\/p>\n<p><a href=\"https:\/\/www.igld.de\/?page_id=5358\" target=\"_blank\">Link zu allgemeinen Informationen<\/a><\/p>\n","protected":false},"excerpt":{"rendered":"<p> [&hellip;]<\/p>\n","protected":false},"author":2,"featured_media":0,"parent":5822,"menu_order":0,"comment_status":"closed","ping_status":"closed","template":"","meta":{"footnotes":""},"class_list":["post-4953","page","type-page","status-publish","hentry"],"_links":{"self":[{"href":"https:\/\/www.igld.de\/index.php?rest_route=\/wp\/v2\/pages\/4953","targetHints":{"allow":["GET"]}}],"collection":[{"href":"https:\/\/www.igld.de\/index.php?rest_route=\/wp\/v2\/pages"}],"about":[{"href":"https:\/\/www.igld.de\/index.php?rest_route=\/wp\/v2\/types\/page"}],"author":[{"embeddable":true,"href":"https:\/\/www.igld.de\/index.php?rest_route=\/wp\/v2\/users\/2"}],"replies":[{"embeddable":true,"href":"https:\/\/www.igld.de\/index.php?rest_route=%2Fwp%2Fv2%2Fcomments&post=4953"}],"version-history":[{"count":18,"href":"https:\/\/www.igld.de\/index.php?rest_route=\/wp\/v2\/pages\/4953\/revisions"}],"predecessor-version":[{"id":5548,"href":"https:\/\/www.igld.de\/index.php?rest_route=\/wp\/v2\/pages\/4953\/revisions\/5548"}],"up":[{"embeddable":true,"href":"https:\/\/www.igld.de\/index.php?rest_route=\/wp\/v2\/pages\/5822"}],"wp:attachment":[{"href":"https:\/\/www.igld.de\/index.php?rest_route=%2Fwp%2Fv2%2Fmedia&parent=4953"}],"curies":[{"name":"wp","href":"https:\/\/api.w.org\/{rel}","templated":true}]}}